0011010
In base 3, what is 11 + 21020010?
21020021
In base 6, what is 21 - -430534?
430555
In base 8, what is -2176 - -1405?
-571
In base 3, what is -22110221 + 22?
-22110122
In base 2, what is 1010001110111001100 - -10?
1010001110111001110
In base 2, what is -1010101101111100100 - -100?
-1010101101111100000
In base 7, what is -1116210 + -2?
-1116212
In base 13, what is 96a1b3 - -5?
96a1b8
In base 4, what is 2323 - 1101201?
-1032212
In base 3, what is 10001022210 - 1001?
10001021202
In base 3, what is -10211002012210 + 2?
-10211002012201
In base 5, what is 143 + 10340?
11033
In base 8, what is 1 + 616525?
616526
In base 7, what is -35 + 4?
-31
In base 8, what is -10133326 + -4?
-10133332
In base 12, what is -1 + -30444?
-30445
In base 15, what is 34752e + 1?
347530
In base 11, what is 5 + -336346?
-336341
In base 10, what is -293911 + -5?
-293916
In base 10, what is -7 - 13867?
-13874
In base 7, what is -344 + 2661?
2314
In base 3, what is -1112200 + 21?
-1112102
In base 12, what is 16 + 3442?
3458
In base 9, what is -168400 - -4?
-168385
In base 16, what is 7d0c - 2c?
7ce0
In base 2, what is 1101 + 100101001?
100110110
In base 12, what is 2 + b8?
ba
In base 6, what is -100414 - -4?
-100410
In base 10, what is -26 + 1538?
1512
In base 11, what is 187 - 125?
62
In base 12, what is 2960 - aa?
2872
In base 9, what is 1614 + -74?
1530
In base 5, what is 223 + -134440?
-134212
In base 12, what is 627 + -1bb?
428
In base 13, what is 47 - 51?
-7
In base 6, what is -5 - -215005?
215000
In base 9, what is -1044 + 22?
-1022
In base 3, what is 11 + 220101222211?
220101222222
In base 8, what is -326 - -2710?
2362
In base 14, what is 3242 + -88?
3198
In base 7, what is -102 - 520?
-622
In base 10, what is -1683 - -715?
-968
In base 2, what is 10000100000 - 10111110?
1101100010
In base 11, what is 21 + 2166?
2187
In base 8, what is 1 - 34050?
-34047
In base 9, what is 1311238 + 1?
1311240
In base 6, what is -1235422 - -3?
-1235415
In base 14, what is -4a92 + -12?
-4aa4
In base 5, what is 130414 - 1424?
123440
In base 14, what is -5 - 3868d?
-38694
In base 3, what is -11 - 1020200100?
-1020200111
In base 7, what is -22 - 54322?
-54344
In base 11, what is 36a2 - 3?
369a
In base 13, what is -75a58 - -3?
-75a55
In base 3, what is -10212220002 + -10?
-10212220012
In base 15, what is a - 17a9?
-179e
In base 8, what is -1 + 26323?
26322
In base 3, what is 10 + 2200122102?
2200122112
In base 5, what is -3 + -134142?
-134200
In base 14, what is -3 - -5534?
5531
In base 2, what is -11000010101001 + 11010010?
-10111111010111
In base 4, what is -2002131213 + 0?
-2002131213
In base 2, what is 0 + 110011010001?
110011010001
In base 5, what is 30412 + -13?
30344
In base 13, what is 7b97 - 2?
7b95
In base 15, what is 572 - de?
483
In base 8, what is 16 - -116305?
116323
In base 13, what is 52 + -5b69?
-5b17
In base 2, what is -1111000 + 1100110000101?
1100100001101
In base 15, what is 0 - 1256?
-1256
In base 15, what is 17 + -263a8?
-26391
In base 16, what is 3c - d4c?
-d10
In base 15, what is 2 - 593b5?
-593b3
In base 13, what is -165a - 11b?
-1778
In base 5, what is 3304204 - -2?
3304211
In base 5, what is -3 - 240440?
-240443
In base 6, what is 2 + 13103111?
13103113
In base 5, what is -4 + 1203031?
1203022
In base 11, what is -6 - 4918?
-4923
In base 9, what is -60 - -228068?
228008
In base 10, what is 47 - 151?
-104
In base 7, what is 55040 + 0?
55040
In base 15, what is -6c59 - -1?
-6c58
In base 16, what is -5 + -d11d?
-d122
In base 13, what is -16c - -56?
-116
In base 5, what is 214240 + 12?
214302
In base 7, what is -5 - 2501421?
-2501426
In base 4, what is -1210011 - -10?
-1210001
In base 8, what is -3 - -12677?
12674
In base 12, what is -19 - -849?
830
In base 2, what is 10001 + 1111110101?
10000000110
In base 6, what is -111 - -20010?
15455
In base 13, what is 3 - 754c?
-7549
In base 13, what is 32 + b7a1?
b803
In base 4, what is 13 - 133311120?
-133311101
In base 14, what is 428c2 - -2?
428c4
In base 8, what is -12676 + -5?
-12703
In base 9, what is -4 - -1037114?
1037110
In base 3, what is 2202102212010 - -10?
2202102212020
In base 5, what is 130 + -224?
-44
In base 12, what is -2 + 10a64?
10a62
In base 13, what is 959 - -1550?
21a9
In base 8, what is 752445 - 3?
752442
In base 15, what is 0 - 5a73?
-5a73
In base 5, what is -30 - 2403021?
-2403101
In base 11, what is 26 + -715?
-69a
In base 5, what is 102 + 444231?
444333
In base 2, what is 100110010110 + 1100?
100110100010
In base 6, what is 33 - -3123?
3200
In base 16, what is 20e9 + -1b2?
1f37
In base 10, what is 4 - -29330?
29334
In base 15, what is -42 + 2b3?
271
In base 15, what is -721 - -2a?
-6e6
In base 16, what is 1f16 - -3?
1f19
In base 10, what is -5681 - 12?
-5693
In base 15, what is 5 + -39c90?
-39c8a
In base 15, what is 912 - 5d1?
331
In base 11, what is 8357 + -7?
8350
In base 15, what is 182 + -597?
-415
In base 2, what is 0 + 1110100100100010?
1110100100100010
In base 7, what is -2042504 + -3?
-2042510
In base 14, what is -137 - -4368?
4231
In base 12, what is 3 + 67167?
6716a
In base 11, what is 35a + 83?
432
In base 11, what is -24a3a + 2?
-24a38
In base 5, what is -14024403 - -3?
-14024400
In base 13, what is -11 - 38754?
-38765
In base 5, what is 21 - 11?
10
In base 14, what is -9036 + -2?
-9038
In base 11, what is 140a210 - -2?
140a212
In base 7, what is 1456 - 1641?
-152
In base 4, what is -2011303 + 2?
-2011301
In base 6, what is 505 + -2150?
-1241
In base 16, what is 7 + 1e6?
1ed
In base 3, what is 1 - 120201220?
-120201212
In base 5, what is -12434 - -102?
-12332
In base 12, what is 4a127 + -4?
4a123
In base 3, what is 112222021 + -12200?
112202121
In base 12, what is 4 - -2209?
2211
In base 11, what is 14677 + 13?
1468a
In base 16, what is -1a - -117?
fd
In base 5, what is -12132 - 40?
-12222
In base 16, what is -3565 - -4?
-3561
In base 10, what is 2 + -7121?
-7119
In base 13, what is 399a + 137?
3b04
In base 14, what is b7 - -aa?
183
In base 13, what is 106 - 23?
b3
In base 15, what is 2b - 6b9d?
-6b72
In base 2, what is -101100 - -11111100111?
11110111011
In base 12, what is 73 + -418?
-365
In base 16, what is 3 - -f6fde?
f6fe1
In base 2, what is 101011100001101001110 - 1?
101011100001101001101
In base 8, what is -11 - 21155?
-21166
In base 3, what is -200 - 2021120?
-2022020
In base 6, what is 1 + -341544?
-341543
In base 13, what is 151 + -238?
-b7
In base 7, what is -53 + -45366?
-45452
In base 10, what is -4628 - 196?
-4824
In base 6, what is -431 - -444?
13
In base 9, what is -3 - 3223585?
-3223588
In base 10, what is 9967 - 6?
9961
In base 5, what is 3324003 - -210?
3324213
In base 16, what is 74 - 1f8?
-184
In base 3, what is -12 + 100020212221?
100020212202
In base 12, what is 48 - 46b?
-423
In base 15, what is a + 1a1?
1ab
In base 14, what is 0 - -9827?
9827
In base 13, what is 32c + 158?
487
In base 16, what is -cd - 41bd?
-428a
In base 3, what is 10102 - 110112?
-100010
In base 10, what is -915 + 24?
-891
In base 4, what is 221211311 - -10?
221211321
In base 13, what is 236 + -15c9?
-1393
In base 9, what is 5 - -42520?
42525
In base 15, what is -1441a - -3?
-14417
In base 11, what is -48 - a68?
-1005
In base 2, what is -101010011010010 + -111000?
-101010100001010
In base 13, what is -5c62 + -3c?
-5ca1
In base 9, what is -172060 + 33?
-172026
In base 6, what is 14 - -11133?
11151
In base 8, what is -30 + 434?
404
In base 8, what is -7300 - -27?
-7251
In base 11, what is 1 + -158313?
-158312
In base 10, what is -1237 + 1662?
425
In base 5, what is -1123 - -200034?
143411
In base 14, what is 5 - -39b36?
39b3b
In base 5, what is -1133 - 220244?
-221432
In base 7, what is 635 - 250?
355
In base 4, what is -1 - 10023013?
-10023020
In base 9, what is 56835 - 0?
56835
In base 5, what is 14240 - 131?
14104
In base 2, what is 100 - -11100100011110?
11100100100010
In base 10, what is -5 + 515552?
515547
In base 6, what is 24 + 212?
240
In base 16, what is -12d + -736?
-863
In base 9, what is 18 + -13638?
-13620
In base 5, what is -13403000 - 1?
-13403001
In base 12, what is -2 + -91213?
-91215
In base 13, what is -21536 + -7?
-21540
In base 11, what is 2a79 - 38?
2a41
In base 11, what is 23025 + -7?
23019
In base 13, what is 4 + 4bb0?
4bb4
In base 4, what is 2 + -233133021?
